?
5
What is the thousands digit of 13289?
3
What is the tens digit of 119?
1
What is the tens digit of 608?
0
What is the thousands digit of 15983?
5
What is the hundreds digit of 82534?
5
What is the hundreds digit of 2477?
4
What is the units digit of 1109?
9
What is the tens digit of 1743?
4
What is the units digit of 833?
3
What is the thousands digit of 28729?
8
What is the ten thousands digit of 53469?
5
What is the thousands digit of 86684?
6
What is the hundreds digit of 45175?
1
What is the thousands digit of 33995?
3
What is the thousands digit of 11601?
1
What is the hundreds digit of 11837?
8
What is the hundreds digit of 2391?
3
What is the units digit of 7435?
5
What is the hundreds digit of 3272?
2
What is the thousands digit of 26650?
6
What is the thousands digit of 5961?
5
What is the units digit of 308?
8
What is the thousands digit of 36454?
6
What is the hundreds digit of 1692?
6
What is the units digit of 17881?
1
What is the units digit of 4667?
7
What is the hundreds digit of 2678?
6
What is the tens digit of 124453?
5
What is the thousands digit of 5246?
5
What is the tens digit of 543?
4
What is the hundreds digit of 4006?
0
What is the tens digit of 965?
6
What is the tens digit of 28223?
2
What is the tens digit of 226?
2
What is the thousands digit of 4093?
4
What is the tens digit of 14873?
7
What is the units digit of 17912?
2
What is the units digit of 40513?
3
What is the units digit of 27823?
3
What is the thousands digit of 4609?
4
What is the units digit of 16501?
1
What is the tens digit of 2056?
5
What is the thousands digit of 23289?
3
What is the ten thousands digit of 33941?
3
What is the hundreds digit of 32865?
8
What is the ten thousands digit of 15173?
1
What is the tens digit of 83566?
6
What is the tens digit of 6798?
9
What is the ten thousands digit of 11616?
1
What is the tens digit of 1737?
3
What is the thousands digit of 21122?
1
What is the units digit of 7095?
5
What is the thousands digit of 1570?
1
What is the hundreds digit of 1774?
7
What is the thousands digit of 14990?
4
What is the thousands digit of 39861?
9
What is the thousands digit of 1038?
1
What is the tens digit of 6578?
7
What is the thousands digit of 16953?
6
What is the thousands digit of 5577?
5
What is the units digit of 1518?
8
What is the units digit of 10690?
0
What is the units digit of 13203?
3
What is the tens digit of 952?
5
What is the units digit of 1370?
0
What is the hundreds digit of 1301?
3
What is the hundreds digit of 3496?
4
What is the tens digit of 13560?
6
What is the thousands digit of 37689?
7
What is the units digit of 7644?
4
What is the hundreds digit of 233?
2
What is the units digit of 28205?
5
What is the hundreds digit of 15372?
3
What is the thousands digit of 18000?
8
What is the tens digit of 931?
3
What is the hundreds digit of 20401?
4
What is the hundreds digit of 2074?
0
What is the hundreds digit of 2794?
7
What is the tens digit of 1060?
6
What is the units digit of 2773?
3
What is the hundreds digit of 793?
7
What is the hundreds digit of 1173?
1
What is the thousands digit of 1239?
1
What is the units digit of 1646?
6
What is the tens digit of 6209?
0
What is the hundreds digit of 18533?
5
What is the hundreds digit of 2050?
0
What is the units digit of 398?
8
What is the hundreds digit of 1403?
4
What is the units digit of 95303?
3
What is the units digit of 635?
5
What is the thousands digit of 9185?
9
What is the thousands digit of 89044?
9
What is the thousands digit of 1730?
1
What is the hundreds digit of 7836?
8
What is the units digit of 15947?
7
What is the units digit of 584?
4
What is the ten thousands digit of 26957?
2
What is the ten thousands digit of 23364?
2
What is the tens digit of 754?
5
What is the tens digit of 6407?
0
What is the hundreds digit of 14126?
1
What is the units digit of 3458?
8
What is the tens digit of 1862?
6
What is the tens digit of 2580?
8
What is the tens digit of 15087?
8
What is the hundreds digit of 55109?
1
What is the thousands digit of 1167?
1
What is the ten thousands digit of 110813?
1
What is the units digit of 4093?
3
What is the hundreds digit of 464?
4
What is the hundreds digit of 1581?
5
What is the tens digit of 1778?
7
What is the units digit of 10206?
6
What is the units digit of 20102?
2
What is the tens digit of 21478?
7
What is the units digit of 1226?
6
What is the thousands digit of 1586?
1
What is the ten thousands digit of 10039?
1
What is the thousands digit of 14397?
4
What is the hundreds digit of 168407?
4
What is the units digit of 6369?
9
What is the thousands digit of 2379?
2
What is the units digit of 5362?
2
What is the units digit of 3274?
4
What is the thousands digit of 7357?
7
What is the tens digit of 3440?
4
What is the tens digit of 3656?
5
What is the thousands digit of 20497?
0
What is the tens digit of 1461?
6
What is the ten thousands digit of 55608?
5
What is the tens digit of 16923?
2
What is the units digit of 733?
3
What is the tens digit of 21575?
7
What is the hundreds digit of 22230?
2
What is the units digit of 22766?
6
What is the tens digit of 7437?
3
What is the hundreds digit of 6951?
9
What is the ten thousands digit of 10349?
1
What is the tens digit of 40177?
7
What is the hundreds digit of 624?
6
What is the hundreds digit of 47193?
1
What is the ten thousands digit of 25671?
2
What is the hundreds digit of 2618?
6
What is the tens digit of 3865?
6
What is the units digit of 1135?
5
What is the units digit of 449?
9
What is the tens digit of 11559?
5
What is the ten thousands digit of 53813?
5
What is the units digit of 5349?
9
What is the thousands digit of 21247?
1
What is the hundreds digit of 6736?
7
What is the thousands digit of 11476?
1
What is the units digit of 2738?
8
What is the tens digit of 22703?
0
What is the tens digit of 11542?
4
What is the tens digit of 361?
6
What is the hundreds digit of 685?
6
What is the hundreds digit of 87335?
3
What is the units digit of 31?
1
What is the hundreds digit of 102?
1
What is the tens digit of 1073?
7
What is the units digit of 2712?
2
What is the hundreds digit of 1428?
4
What is the units digit of 3812?
2
What is the units digit of 475?
5
What is the tens digit of 1713?
1
What is the units digit of 7102?
2
What is the units digit of 55?
5
What is the thousands digit of 3507?
3
What is the hundreds digit of 6137?
1
What is the units digit of 24308?
8
What is the units digit of 7806?
6
What is the thousands digit of 33435?
3
What is the thousands digit of 14806?
4
What is the units digit of 828?
8
What is the ten thousands digit of 33944?
3
What is the units digit of 11706?
6
What is the hundreds digit of 235?
2
What is the tens digit of 3534?
3
What is the units digit of 57108?
8
What is the hundreds digit of 21504?
5
What is the tens digit of 455?
5
What is the thousands digit of 8152?
8
What is the units digit of 501?
1
What is the thousands digit of 1738?
1
What is the tens digit of 93614?
1
What is the hundreds digit of 59395?
3
What is the thousands digit of 15964?
5
What is the hundreds digit of 55707?
7
What is the tens digit of 2099?
9
What is the units digit of 1142?
2
What is the ten thousands digit of 15773?
1
What is the thousands digit of 95955?
5
What is the units digit of 9286?
6
What is the tens digit of 95?
9
What is the thousands digit of 3526?
3
What is the units digit of 2228?
8
What is the tens digit of 8132?
3
What is the thousands digit of 2794?
2
What is the tens digit of 35151?
5
What is the tens digit of 1232?
3
What is the units digit of 6528?
8
What is the tens digit of 138944?
4
What is the units digit of 3173?
3
What is the tens digit of 5037?
3
What is the hundreds digit of 3654?
6
What is the units digit of 3696?
6
What is the tens digit of 22533?
3
What is the hundreds digit of 9112?
1
What is the tens digit of 309?
0
What is the hundreds digit of 2313?
3
What is the hundreds digit of 668?
6
What is the tens digit of 128?
2
What is the units digit of 58792?
2
What is the hundreds digit of 6783?
7
What is the units digit of 1872?
2
What is the tens digit of 31393?
9
What is the units digit of 12110?
0
What is the hundreds digit of 1927?
9
What is the units digit of 3481?
1
What is the tens 